{"id":461,"date":"2024-03-01T10:57:13","date_gmt":"2024-03-01T07:57:13","guid":{"rendered":"https:\/\/forms.ibb.gov.tr\/cevre\/?page_id=461"},"modified":"2024-03-01T10:57:13","modified_gmt":"2024-03-01T07:57:13","slug":"dongusel-isler-atolyesi-basvuru-sayfasi","status":"publish","type":"page","link":"https:\/\/forms.ibb.gov.tr\/cevre\/dongusel-isler-atolyesi-basvuru-sayfasi\/","title":{"rendered":"D\u00f6ng\u00fcsel \u0130\u015fler At\u00f6lyesi Ba\u015fvuru Sayfas\u0131"},"content":{"rendered":"<div  class='flex_column av-av_one_full-8ffd49b9e96b83647201aa62ad30950d av_one_full  avia-builder-el-0  avia-builder-el-no-sibling  first flex_column_div  '     ><\/div>\n","protected":false},"excerpt":{"rendered":"","protected":false},"author":40726,"featured_media":{"id":462,"url":"https:\/\/forms.ibb.gov.tr\/cevre\/wp-content\/uploads\/sites\/35\/2024\/03\/dia-logo-1.jpg","sizes":{"thumbnail":"https:\/\/forms.ibb.gov.tr\/cevre\/wp-content\/uploads\/sites\/35\/2024\/03\/dia-logo-1.jpg","medium":"https:\/\/forms.ibb.gov.tr\/cevre\/wp-content\/uploads\/sites\/35\/2024\/03\/dia-logo-1.jpg","medium_large":"https:\/\/forms.ibb.gov.tr\/cevre\/wp-content\/uploads\/sites\/35\/2024\/03\/dia-logo-1.jpg","large":"https:\/\/forms.ibb.gov.tr\/cevre\/wp-content\/uploads\/sites\/35\/2024\/03\/dia-logo-1.jpg","1536x1536":"https:\/\/forms.ibb.gov.tr\/cevre\/wp-content\/uploads\/sites\/35\/2024\/03\/dia-logo-1.jpg","2048x2048":"https:\/\/forms.ibb.gov.tr\/cevre\/wp-content\/uploads\/sites\/35\/2024\/03\/dia-logo-1.jpg","widget":"https:\/\/forms.ibb.gov.tr\/cevre\/wp-content\/uploads\/sites\/35\/2024\/03\/dia-logo-1.jpg","square":"https:\/\/forms.ibb.gov.tr\/cevre\/wp-content\/uploads\/sites\/35\/2024\/03\/dia-logo-1.jpg","featured":"https:\/\/forms.ibb.gov.tr\/cevre\/wp-content\/uploads\/sites\/35\/2024\/03\/dia-logo-1.jpg","featured_large":"https:\/\/forms.ibb.gov.tr\/cevre\/wp-content\/uploads\/sites\/35\/2024\/03\/dia-logo-1.jpg","extra_large":"https:\/\/forms.ibb.gov.tr\/cevre\/wp-content\/uploads\/sites\/35\/2024\/03\/dia-logo-1.jpg","portfolio":"https:\/\/forms.ibb.gov.tr\/cevre\/wp-content\/uploads\/sites\/35\/2024\/03\/dia-logo-1.jpg","portfolio_small":"https:\/\/forms.ibb.gov.tr\/cevre\/wp-content\/uploads\/sites\/35\/2024\/03\/dia-logo-1.jpg","gallery":"https:\/\/forms.ibb.gov.tr\/cevre\/wp-content\/uploads\/sites\/35\/2024\/03\/dia-logo-1.jpg","magazine":"https:\/\/forms.ibb.gov.tr\/cevre\/wp-content\/uploads\/sites\/35\/2024\/03\/dia-logo-1.jpg","masonry":"https:\/\/forms.ibb.gov.tr\/cevre\/wp-content\/uploads\/sites\/35\/2024\/03\/dia-logo-1.jpg","entry_with_sidebar":"https:\/\/forms.ibb.gov.tr\/cevre\/wp-content\/uploads\/sites\/35\/2024\/03\/dia-logo-1.jpg","entry_without_sidebar":"https:\/\/forms.ibb.gov.tr\/cevre\/wp-content\/uploads\/sites\/35\/2024\/03\/dia-logo-1.jpg"}},"parent":0,"menu_order":0,"comment_status":"closed","ping_status":"closed","template":"","meta":{"footnotes":""},"categories":[],"tags":[],"class_list":["post-461","page","type-page","status-publish","format-standard","has-post-thumbnail","hentry"],"_links":{"self":[{"href":"https:\/\/forms.ibb.gov.tr\/cevre\/wp-json\/wp\/v2\/pages\/461","targetHints":{"allow":["GET"]}}],"collection":[{"href":"https:\/\/forms.ibb.gov.tr\/cevre\/wp-json\/wp\/v2\/pages"}],"about":[{"href":"https:\/\/forms.ibb.gov.tr\/cevre\/wp-json\/wp\/v2\/types\/page"}],"author":[{"embeddable":true,"href":"https:\/\/forms.ibb.gov.tr\/cevre\/wp-json\/wp\/v2\/users\/40726"}],"replies":[{"embeddable":true,"href":"https:\/\/forms.ibb.gov.tr\/cevre\/wp-json\/wp\/v2\/comments?post=461"}],"version-history":[{"count":2,"href":"https:\/\/forms.ibb.gov.tr\/cevre\/wp-json\/wp\/v2\/pages\/461\/revisions"}],"predecessor-version":[{"id":472,"href":"https:\/\/forms.ibb.gov.tr\/cevre\/wp-json\/wp\/v2\/pages\/461\/revisions\/472"}],"wp:featuredmedia":[{"embeddable":true,"href":"https:\/\/forms.ibb.gov.tr\/cevre\/wp-json\/wp\/v2\/media\/462"}],"wp:attachment":[{"href":"https:\/\/forms.ibb.gov.tr\/cevre\/wp-json\/wp\/v2\/media?parent=461"}],"wp:term":[{"taxonomy":"category","embeddable":true,"href":"https:\/\/forms.ibb.gov.tr\/cevre\/wp-json\/wp\/v2\/categories?post=461"},{"taxonomy":"post_tag","embeddable":true,"href":"https:\/\/forms.ibb.gov.tr\/cevre\/wp-json\/wp\/v2\/tags?post=461"}],"curies":[{"name":"wp","href":"https:\/\/api.w.org\/{rel}","templated":true}]}}