{"id":284,"date":"2025-04-17T11:17:23","date_gmt":"2025-04-17T08:17:23","guid":{"rendered":"https:\/\/forms.ibb.gov.tr\/genclikhizmetleri\/?page_id=284"},"modified":"2026-04-21T10:23:30","modified_gmt":"2026-04-21T07:23:30","slug":"genclik-ofisleri-degerlendirme-anketi","status":"publish","type":"page","link":"https:\/\/forms.ibb.gov.tr\/genclikhizmetleri\/genclik-ofisleri-degerlendirme-anketi\/","title":{"rendered":"\u0130BB Gen\u00e7lik Ofisleri E\u011fitimleri De\u011ferlendirme Anketi"},"content":{"rendered":"<div  class='flex_column av-b4ros-d6e5f5bf1639d7b615994dac507a4a57 av_one_fifth  avia-builder-el-0  el_before_av_one_fifth  avia-builder-el-first  first flex_column_div  '     ><\/div>\n<div  class='flex_column av-1ifxu-0ef561ee48630ef46631ab0137c59eea av_one_fifth  avia-builder-el-1  el_after_av_one_fifth  el_before_av_two_fifth  flex_column_div  '     ><style type=\"text\/css\" data-created_by=\"avia_inline_auto\" id=\"style-css-av-m9mq49wv-ee2839bd64871bb10ae16f50470aa5e2\">\n.avia-image-container.av-m9mq49wv-ee2839bd64871bb10ae16f50470aa5e2 img.avia_image{\nbox-shadow:none;\n}\n.avia-image-container.av-m9mq49wv-ee2839bd64871bb10ae16f50470aa5e2 .av-image-caption-overlay-center{\ncolor:#ffffff;\n}\n<\/style>\n<div  class='avia-image-container av-m9mq49wv-ee2839bd64871bb10ae16f50470aa5e2 av-styling- avia-align-center  avia-builder-el-2  avia-builder-el-no-sibling '   itemprop=\"image\" itemscope=\"itemscope\" itemtype=\"https:\/\/schema.org\/ImageObject\" ><div class=\"avia-image-container-inner\"><div class=\"avia-image-overlay-wrap\"><img decoding=\"async\" fetchpriority=\"high\" class='wp-image-373 avia-img-lazy-loading-not-373 avia_image ' src=\"https:\/\/forms.ibb.gov.tr\/genclikhizmetleri\/wp-content\/uploads\/sites\/62\/2025\/04\/GO_LOGO-2.png\" alt='' title='GO_LOGO'  height=\"1683\" width=\"2881\"  itemprop=\"thumbnailUrl\"  \/><\/div><\/div><\/div><\/div>\n<div  class='flex_column av-1avby-28eb0ef0526fbad6e299009b9bc13913 av_two_fifth  avia-builder-el-3  el_after_av_one_fifth  el_before_av_one_fifth  flex_column_div  '     ><style type=\"text\/css\" data-created_by=\"avia_inline_auto\" id=\"style-css-av-m9cfrz28-a2adead6e6ceee4657047ffbc290bbaf\">\n.avia-image-container.av-m9cfrz28-a2adead6e6ceee4657047ffbc290bbaf img.avia_image{\nbox-shadow:none;\n}\n.avia-image-container.av-m9cfrz28-a2adead6e6ceee4657047ffbc290bbaf .av-image-caption-overlay-center{\ncolor:#ffffff;\n}\n<\/style>\n<div  class='avia-image-container av-m9cfrz28-a2adead6e6ceee4657047ffbc290bbaf av-styling- avia-align-center  avia-builder-el-4  avia-builder-el-no-sibling '   itemprop=\"image\" itemscope=\"itemscope\" itemtype=\"https:\/\/schema.org\/ImageObject\" ><div class=\"avia-image-container-inner\"><div class=\"avia-image-overlay-wrap\"><img decoding=\"async\" fetchpriority=\"high\" class='wp-image-216 avia-img-lazy-loading-not-216 avia_image ' src=\"https:\/\/forms.ibb.gov.tr\/genclikhizmetleri\/wp-content\/uploads\/sites\/62\/2025\/04\/DB_GHM_LOGO-1.png\" alt='' title='DB_GHM_LOGO-1'  height=\"442\" width=\"1768\"  itemprop=\"thumbnailUrl\"  \/><\/div><\/div><\/div><\/div>\n<div  class='flex_column av-16nmu-8b0e78409eaaeb35169d68c081ab6388 av_one_fifth  avia-builder-el-5  el_after_av_two_fifth  el_before_av_one_full  flex_column_div  '     ><\/div>\n<div  class='flex_column av-15sui-21841fe9035736c2453a7fdb275fdb5b av_one_full  avia-builder-el-6  el_after_av_one_fifth  el_before_av_hr  first flex_column_div  column-top-margin'     ><style type=\"text\/css\" data-created_by=\"avia_inline_auto\" id=\"style-css-av-m9b3ylqo-a914c739624b7215d622da60cae4ea78\">\n#top .av_textblock_section.av-m9b3ylqo-a914c739624b7215d622da60cae4ea78 .avia_textblock{\nfont-size:17px;\ncolor:#3b3f5c;\n}\n<\/style>\n<section  class='av_textblock_section av-m9b3ylqo-a914c739624b7215d622da60cae4ea78 '   itemscope=\"itemscope\" itemtype=\"https:\/\/schema.org\/CreativeWork\" ><div class='avia_textblock av_inherit_color'  itemprop=\"text\" ><p><span style=\"color: #002952\"><strong>Bu form \u0130BB Gen\u00e7lik Ofisleri\u2019nin hizmet kalitesini geli\u015ftirmek amac\u0131yla g\u00f6r\u00fc\u015f, \u00f6neri ve taleplerini payla\u015fmak isteyen kat\u0131l\u0131mc\u0131lar i\u00e7in haz\u0131rlanm\u0131\u015ft\u0131r. <\/strong><\/span><\/p>\n<p><span style=\"color: #002952\"><strong>Kat\u0131l\u0131m\u0131n\u0131z i\u00e7in te\u015fekk\u00fcr ederiz.<br \/>\n<\/strong><\/span><\/p>\n<p><span style=\"color: #993300\"><strong>(Yan\u0131tlar\u0131n\u0131z\u0131 mevcut e\u011fitim d\u00f6nemini d\u00fc\u015f\u00fcnerek i\u015faretleyiniz.)<\/strong><\/span><\/p>\n<\/div><\/section><\/div>\n<style type=\"text\/css\" data-created_by=\"avia_inline_auto\" id=\"style-css-av-m9b4p1ep-5d4eb0c688e7e2f6fbe573188250ee76\">\n#top .hr.hr-invisible.av-m9b4p1ep-5d4eb0c688e7e2f6fbe573188250ee76{\nheight:50px;\n}\n<\/style>\n<div  class='hr av-m9b4p1ep-5d4eb0c688e7e2f6fbe573188250ee76 hr-invisible  avia-builder-el-8  el_after_av_one_full  el_before_av_one_full '><span class='hr-inner '><span class=\"hr-inner-style\"><\/span><\/span><\/div><\/p>\n<div  class='flex_column av-2czmq-ebbd5096d2cf7473141997cca27133ee av_one_full  avia-builder-el-9  el_after_av_hr  avia-builder-el-last  first flex_column_div  '     ><p>\n<style type=\"text\/css\" data-created_by=\"avia_inline_auto\" id=\"style-css-av-m9b3udq3-1a098881989613ff6a5d75dd66688dca\">\n#top .av-special-heading.av-m9b3udq3-1a098881989613ff6a5d75dd66688dca{\nmargin:0 0 0 0;\npadding-bottom:10px;\ncolor:#3b3f5c;\nfont-size:25px;\n}\nbody .av-special-heading.av-m9b3udq3-1a098881989613ff6a5d75dd66688dca .av-special-heading-tag .heading-char{\nfont-size:25px;\n}\n#top #wrap_all .av-special-heading.av-m9b3udq3-1a098881989613ff6a5d75dd66688dca .av-special-heading-tag{\nfont-size:25px;\npadding:0 0 0 0;\n}\n.av-special-heading.av-m9b3udq3-1a098881989613ff6a5d75dd66688dca .special-heading-inner-border{\nborder-color:#3b3f5c;\n}\n.av-special-heading.av-m9b3udq3-1a098881989613ff6a5d75dd66688dca .av-subheading{\nfont-size:15px;\n}\n\n@media only screen and (min-width: 480px) and (max-width: 767px){ \n#top #wrap_all .av-special-heading.av-m9b3udq3-1a098881989613ff6a5d75dd66688dca .av-special-heading-tag{\nfont-size:0.8em;\n}\n}\n\n@media only screen and (max-width: 479px){ \n#top #wrap_all .av-special-heading.av-m9b3udq3-1a098881989613ff6a5d75dd66688dca .av-special-heading-tag{\nfont-size:0.8em;\n}\n}\n<\/style>\n<div  class='av-special-heading av-m9b3udq3-1a098881989613ff6a5d75dd66688dca av-special-heading-h4 custom-color-heading blockquote elegant-quote elegant-centered  avia-builder-el-10  el_before_av_codeblock  avia-builder-el-first  av-inherit-size'><h4 class='av-special-heading-tag '  itemprop=\"headline\"  ><span class=\"heading-wrap\">\u0130BB Gen\u00e7lik Ofisleri E\u011fitimleri De\u011ferlendirme Anketi<\/span><\/h4><div class=\"special-heading-border\"><div class=\"special-heading-inner-border\"><\/div><\/div><\/div><br \/>\n<\/p><\/div>\n","protected":false},"excerpt":{"rendered":"","protected":false},"author":71845,"featured_media":{"id":95,"url":"https:\/\/forms.ibb.gov.tr\/genclikhizmetleri\/wp-content\/uploads\/sites\/62\/2025\/04\/DB-LOGO-KULLANIMI-1.png","sizes":{"thumbnail":"https:\/\/forms.ibb.gov.tr\/genclikhizmetleri\/wp-content\/uploads\/sites\/62\/2025\/04\/DB-LOGO-KULLANIMI-1.png","medium":"https:\/\/forms.ibb.gov.tr\/genclikhizmetleri\/wp-content\/uploads\/sites\/62\/2025\/04\/DB-LOGO-KULLANIMI-1.png","medium_large":"https:\/\/forms.ibb.gov.tr\/genclikhizmetleri\/wp-content\/uploads\/sites\/62\/2025\/04\/DB-LOGO-KULLANIMI-1.png","large":"https:\/\/forms.ibb.gov.tr\/genclikhizmetleri\/wp-content\/uploads\/sites\/62\/2025\/04\/DB-LOGO-KULLANIMI-1.png","1536x1536":"https:\/\/forms.ibb.gov.tr\/genclikhizmetleri\/wp-content\/uploads\/sites\/62\/2025\/04\/DB-LOGO-KULLANIMI-1.png","2048x2048":"https:\/\/forms.ibb.gov.tr\/genclikhizmetleri\/wp-content\/uploads\/sites\/62\/2025\/04\/DB-LOGO-KULLANIMI-1.png","widget":"https:\/\/forms.ibb.gov.tr\/genclikhizmetleri\/wp-content\/uploads\/sites\/62\/2025\/04\/DB-LOGO-KULLANIMI-1.png","square":"https:\/\/forms.ibb.gov.tr\/genclikhizmetleri\/wp-content\/uploads\/sites\/62\/2025\/04\/DB-LOGO-KULLANIMI-1.png","featured":"https:\/\/forms.ibb.gov.tr\/genclikhizmetleri\/wp-content\/uploads\/sites\/62\/2025\/04\/DB-LOGO-KULLANIMI-1.png","featured_large":"https:\/\/forms.ibb.gov.tr\/genclikhizmetleri\/wp-content\/uploads\/sites\/62\/2025\/04\/DB-LOGO-KULLANIMI-1.png","extra_large":"https:\/\/forms.ibb.gov.tr\/genclikhizmetleri\/wp-content\/uploads\/sites\/62\/2025\/04\/DB-LOGO-KULLANIMI-1.png","portfolio":"https:\/\/forms.ibb.gov.tr\/genclikhizmetleri\/wp-content\/uploads\/sites\/62\/2025\/04\/DB-LOGO-KULLANIMI-1.png","portfolio_small":"https:\/\/forms.ibb.gov.tr\/genclikhizmetleri\/wp-content\/uploads\/sites\/62\/2025\/04\/DB-LOGO-KULLANIMI-1.png","gallery":"https:\/\/forms.ibb.gov.tr\/genclikhizmetleri\/wp-content\/uploads\/sites\/62\/2025\/04\/DB-LOGO-KULLANIMI-1.png","magazine":"https:\/\/forms.ibb.gov.tr\/genclikhizmetleri\/wp-content\/uploads\/sites\/62\/2025\/04\/DB-LOGO-KULLANIMI-1.png","masonry":"https:\/\/forms.ibb.gov.tr\/genclikhizmetleri\/wp-content\/uploads\/sites\/62\/2025\/04\/DB-LOGO-KULLANIMI-1.png","entry_with_sidebar":"https:\/\/forms.ibb.gov.tr\/genclikhizmetleri\/wp-content\/uploads\/sites\/62\/2025\/04\/DB-LOGO-KULLANIMI-1.png","entry_without_sidebar":"https:\/\/forms.ibb.gov.tr\/genclikhizmetleri\/wp-content\/uploads\/sites\/62\/2025\/04\/DB-LOGO-KULLANIMI-1.png"}},"parent":0,"menu_order":0,"comment_status":"closed","ping_status":"closed","template":"","meta":{"footnotes":""},"categories":[],"tags":[],"class_list":["post-284","page","type-page","status-publish","format-standard","has-post-thumbnail","hentry"],"_links":{"self":[{"href":"https:\/\/forms.ibb.gov.tr\/genclikhizmetleri\/wp-json\/wp\/v2\/pages\/284","targetHints":{"allow":["GET"]}}],"collection":[{"href":"https:\/\/forms.ibb.gov.tr\/genclikhizmetleri\/wp-json\/wp\/v2\/pages"}],"about":[{"href":"https:\/\/forms.ibb.gov.tr\/genclikhizmetleri\/wp-json\/wp\/v2\/types\/page"}],"author":[{"embeddable":true,"href":"https:\/\/forms.ibb.gov.tr\/genclikhizmetleri\/wp-json\/wp\/v2\/users\/71845"}],"replies":[{"embeddable":true,"href":"https:\/\/forms.ibb.gov.tr\/genclikhizmetleri\/wp-json\/wp\/v2\/comments?post=284"}],"version-history":[{"count":17,"href":"https:\/\/forms.ibb.gov.tr\/genclikhizmetleri\/wp-json\/wp\/v2\/pages\/284\/revisions"}],"predecessor-version":[{"id":47751,"href":"https:\/\/forms.ibb.gov.tr\/genclikhizmetleri\/wp-json\/wp\/v2\/pages\/284\/revisions\/47751"}],"wp:featuredmedia":[{"embeddable":true,"href":"https:\/\/forms.ibb.gov.tr\/genclikhizmetleri\/wp-json\/wp\/v2\/media\/95"}],"wp:attachment":[{"href":"https:\/\/forms.ibb.gov.tr\/genclikhizmetleri\/wp-json\/wp\/v2\/media?parent=284"}],"wp:term":[{"taxonomy":"category","embeddable":true,"href":"https:\/\/forms.ibb.gov.tr\/genclikhizmetleri\/wp-json\/wp\/v2\/categories?post=284"},{"taxonomy":"post_tag","embeddable":true,"href":"https:\/\/forms.ibb.gov.tr\/genclikhizmetleri\/wp-json\/wp\/v2\/tags?post=284"}],"curies":[{"name":"wp","href":"https:\/\/api.w.org\/{rel}","templated":true}]}}