{"id":42824,"date":"2025-12-09T11:23:56","date_gmt":"2025-12-09T08:23:56","guid":{"rendered":"https:\/\/forms.ibb.gov.tr\/genclikhizmetleri\/?page_id=42824"},"modified":"2026-03-02T09:48:02","modified_gmt":"2026-03-02T06:48:02","slug":"dgs-ales-kursu-basvuru-formu","status":"publish","type":"page","link":"https:\/\/forms.ibb.gov.tr\/genclikhizmetleri\/dgs-ales-kursu-basvuru-formu\/","title":{"rendered":"\u0130BB Gen\u00e7lik Hizmetleri \u015eube M\u00fcd\u00fcrl\u00fc\u011f\u00fc DGS ve ALES Kursu Ba\u015fvuru Formu"},"content":{"rendered":"<div  class='flex_column av-670sf9-dc94770c6bf412f818e9fe5edc31444d av_one_fifth  avia-builder-el-0  el_before_av_three_fifth  avia-builder-el-first  first flex_column_div  '     ><\/div>\n<div  class='flex_column av-fw32d-806c957ad61e216e9ecabb004323dbd1 av_three_fifth  avia-builder-el-1  el_after_av_one_fifth  el_before_av_one_fifth  flex_column_div  '     ><style type=\"text\/css\" data-created_by=\"avia_inline_auto\" id=\"style-css-av-mbhpk8d4-1bcc48aed640f3d7cf74f1ceb0f9b43d\">\n.avia-image-container.av-mbhpk8d4-1bcc48aed640f3d7cf74f1ceb0f9b43d img.avia_image{\nbox-shadow:none;\n}\n.avia-image-container.av-mbhpk8d4-1bcc48aed640f3d7cf74f1ceb0f9b43d .av-image-caption-overlay-center{\ncolor:#ffffff;\n}\n<\/style>\n<div  class='avia-image-container av-mbhpk8d4-1bcc48aed640f3d7cf74f1ceb0f9b43d av-styling- avia-align-center  avia-builder-el-2  avia-builder-el-no-sibling '   itemprop=\"image\" itemscope=\"itemscope\" itemtype=\"https:\/\/schema.org\/ImageObject\" ><div class=\"avia-image-container-inner\"><div class=\"avia-image-overlay-wrap\"><img decoding=\"async\" fetchpriority=\"high\" class='wp-image-40828 avia-img-lazy-loading-not-40828 avia_image ' src=\"https:\/\/forms.ibb.gov.tr\/genclikhizmetleri\/wp-content\/uploads\/sites\/62\/2025\/10\/DB-LOGO-KULLANIMI-1j.png\" alt='' title='DB LOGO KULLANIMI-1j'  height=\"113\" width=\"300\"  itemprop=\"thumbnailUrl\"  \/><\/div><\/div><\/div><\/div>\n<div  class='flex_column av-2ktxkl-11e834efaa4f9a6bb87626ca9af99245 av_one_fifth  avia-builder-el-3  el_after_av_three_fifth  el_before_av_one_full  flex_column_div  '     ><\/div>\n<div  class='flex_column av-2p4w9x-b8b912fd8f8381ad683503c3536bffbb av_one_full  avia-builder-el-4  el_after_av_one_fifth  el_before_av_hr  first flex_column_div  column-top-margin'     ><style type=\"text\/css\" data-created_by=\"avia_inline_auto\" id=\"style-css-av-mbhrclms-668a257f8dde7416c884a7a23e9956f9\">\n#top .av-special-heading.av-mbhrclms-668a257f8dde7416c884a7a23e9956f9{\npadding-bottom:10px;\ncolor:#05428c;\n}\nbody .av-special-heading.av-mbhrclms-668a257f8dde7416c884a7a23e9956f9 .av-special-heading-tag .heading-char{\nfont-size:25px;\n}\n.av-special-heading.av-mbhrclms-668a257f8dde7416c884a7a23e9956f9 .special-heading-inner-border{\nborder-color:#05428c;\n}\n.av-special-heading.av-mbhrclms-668a257f8dde7416c884a7a23e9956f9 .av-subheading{\nfont-size:15px;\n}\n<\/style>\n<div  class='av-special-heading av-mbhrclms-668a257f8dde7416c884a7a23e9956f9 av-special-heading-h3 custom-color-heading blockquote elegant-quote elegant-centered  avia-builder-el-5  avia-builder-el-no-sibling '><h3 class='av-special-heading-tag '  itemprop=\"headline\"  ><span class=\"heading-wrap\">\u0130BB Gen\u00e7lik Hizmetleri \u015eube M\u00fcd\u00fcrl\u00fc\u011f\u00fc DGS ve ALES Kursu Ba\u015fvuru Formu<\/span><\/h3><div class=\"special-heading-border\"><div class=\"special-heading-inner-border\"><\/div><\/div><\/div><\/div>\n\n<style type=\"text\/css\" data-created_by=\"avia_inline_auto\" id=\"style-css-av-6snoq-6ee62abf290769c587862ad265a7a119\">\n#top .hr.hr-invisible.av-6snoq-6ee62abf290769c587862ad265a7a119{\nheight:30px;\n}\n<\/style>\n<div  class='hr av-6snoq-6ee62abf290769c587862ad265a7a119 hr-invisible  avia-builder-el-6  el_after_av_one_full  el_before_av_one_third '><span class='hr-inner '><span class=\"hr-inner-style\"><\/span><\/span><\/div>\n<div  class='flex_column av-yv4tew-b701e3cac0e67c93c48fdcaaa89a1662 av_one_third  avia-builder-el-7  el_after_av_hr  el_before_av_two_third  first flex_column_div  '     ><p>\n<style type=\"text\/css\" data-created_by=\"avia_inline_auto\" id=\"style-css-av-mkxlk8zf-3e4f0625b4ccc78e0a8c14f66fe2e511\">\n.avia-image-container.av-mkxlk8zf-3e4f0625b4ccc78e0a8c14f66fe2e511 img.avia_image{\nbox-shadow:none;\n}\n.avia-image-container.av-mkxlk8zf-3e4f0625b4ccc78e0a8c14f66fe2e511 .av-image-caption-overlay-center{\ncolor:#ffffff;\n}\n<\/style>\n<div  class='avia-image-container av-mkxlk8zf-3e4f0625b4ccc78e0a8c14f66fe2e511 av-styling- avia-align-center  avia-builder-el-8  el_before_av_hr  avia-builder-el-first '   itemprop=\"image\" itemscope=\"itemscope\" itemtype=\"https:\/\/schema.org\/ImageObject\" ><div class=\"avia-image-container-inner\"><div class=\"avia-image-overlay-wrap\"><img decoding=\"async\" fetchpriority=\"high\" class='wp-image-44930 avia-img-lazy-loading-not-44930 avia_image ' src=\"https:\/\/forms.ibb.gov.tr\/genclikhizmetleri\/wp-content\/uploads\/sites\/62\/2026\/01\/DGS-ALES-POST_2x-100.jpg\" alt='' title='DGS-ALES-POST@2x-100'  height=\"400\" width=\"320\"  itemprop=\"thumbnailUrl\"  \/><\/div><\/div><\/div><br \/>\n\n<style type=\"text\/css\" data-created_by=\"avia_inline_auto\" id=\"style-css-av-ieodc8-a353d516eff2af6a83dffa73e868a9be\">\n#top .hr.hr-invisible.av-ieodc8-a353d516eff2af6a83dffa73e868a9be{\nheight:30px;\n}\n<\/style>\n<div  class='hr av-ieodc8-a353d516eff2af6a83dffa73e868a9be hr-invisible  avia-builder-el-9  el_after_av_image  el_before_av_textblock '><span class='hr-inner '><span class=\"hr-inner-style\"><\/span><\/span><\/div><br \/>\n<section  class='av_textblock_section av-malaopjp-e83ecabbaa30c71b8c5d841fe6d77ca9 '   itemscope=\"itemscope\" itemtype=\"https:\/\/schema.org\/CreativeWork\" ><div class='avia_textblock'  itemprop=\"text\" ><h4 style=\"text-align: center\"><span style=\"color: #800000\"><strong>DGS ve ALES Kursu Kesin Kay\u0131t Esnas\u0131nda \u0130stenen Evraklar<\/strong><\/span><\/h4>\n<p><span style=\"color: #000000\">Kesin kay\u0131t i\u015flemleri s\u0131ras\u0131nda aday \u00f6\u011frencilerden a\u015fa\u011f\u0131da belirtilen belgelerin e-Devlet \u00fczerinden temin edilmi\u015f fotokopileri talep edilmektedir:<\/span><\/p>\n<ol>\n<li><span style=\"color: #000000\">\u0130kametgah belgesi (\u0130stanbul il s\u0131n\u0131rlar\u0131 i\u00e7inde ikamet edildi\u011fini g\u00f6sterir, e-Devlet \u00fczerinden al\u0131nabilir)<\/span><\/li>\n<li><span style=\"color: #000000\">Taahh\u00fctname (Kurum taraf\u0131ndan sa\u011flanacak ve \u00f6\u011frenci taraf\u0131ndan imzalanacakt\u0131r)<\/span><\/li>\n<\/ol>\n<p><strong><span style=\"color: #000000\">*** \u0130BB Gen\u00e7lik Hizmetleri \u015eube M\u00fcd\u00fcrl\u00fc\u011f\u00fc gerekli go\u0308rdu\u0308\u011fu\u0308 takdirde ek belge isteme hakk\u0131na sahiptir.<\/span><\/strong><\/p>\n<p><strong><span style=\"color: #000000\">*** Ba\u015fvuru s\u0131ras\u0131nda verilen bilgilerin eksiksiz ve do\u011fru olmas\u0131 gerekmektedir. Yanl\u0131\u015f veya eksik bilgi olmas\u0131 h\u00e2linde ba\u015fvurunuz ge\u00e7ersiz say\u0131lacakt\u0131r.<\/span><\/strong><\/p>\n<div><\/div>\n<div>\n<div><\/div>\n<div><\/div>\n<\/div>\n<\/div><\/section><\/p><\/div><div  class='flex_column av-f2i91-5f2c35abec5d0705cfd8362228131b93 av_two_third  avia-builder-el-11  el_after_av_one_third  avia-builder-el-last  flex_column_div  '     ><\/div><\/p>\n","protected":false},"excerpt":{"rendered":"","protected":false},"author":71845,"featured_media":{"id":43022,"url":"https:\/\/forms.ibb.gov.tr\/genclikhizmetleri\/wp-content\/uploads\/sites\/62\/2025\/12\/DGS-ALES-POST_2x-100-2.jpg","sizes":{"thumbnail":"https:\/\/forms.ibb.gov.tr\/genclikhizmetleri\/wp-content\/uploads\/sites\/62\/2025\/12\/DGS-ALES-POST_2x-100-2.jpg","medium":"https:\/\/forms.ibb.gov.tr\/genclikhizmetleri\/wp-content\/uploads\/sites\/62\/2025\/12\/DGS-ALES-POST_2x-100-2.jpg","medium_large":"https:\/\/forms.ibb.gov.tr\/genclikhizmetleri\/wp-content\/uploads\/sites\/62\/2025\/12\/DGS-ALES-POST_2x-100-2.jpg","large":"https:\/\/forms.ibb.gov.tr\/genclikhizmetleri\/wp-content\/uploads\/sites\/62\/2025\/12\/DGS-ALES-POST_2x-100-2.jpg","1536x1536":"https:\/\/forms.ibb.gov.tr\/genclikhizmetleri\/wp-content\/uploads\/sites\/62\/2025\/12\/DGS-ALES-POST_2x-100-2.jpg","2048x2048":"https:\/\/forms.ibb.gov.tr\/genclikhizmetleri\/wp-content\/uploads\/sites\/62\/2025\/12\/DGS-ALES-POST_2x-100-2.jpg","widget":"https:\/\/forms.ibb.gov.tr\/genclikhizmetleri\/wp-content\/uploads\/sites\/62\/2025\/12\/DGS-ALES-POST_2x-100-2.jpg","square":"https:\/\/forms.ibb.gov.tr\/genclikhizmetleri\/wp-content\/uploads\/sites\/62\/2025\/12\/DGS-ALES-POST_2x-100-2.jpg","featured":"https:\/\/forms.ibb.gov.tr\/genclikhizmetleri\/wp-content\/uploads\/sites\/62\/2025\/12\/DGS-ALES-POST_2x-100-2.jpg","featured_large":"https:\/\/forms.ibb.gov.tr\/genclikhizmetleri\/wp-content\/uploads\/sites\/62\/2025\/12\/DGS-ALES-POST_2x-100-2.jpg","extra_large":"https:\/\/forms.ibb.gov.tr\/genclikhizmetleri\/wp-content\/uploads\/sites\/62\/2025\/12\/DGS-ALES-POST_2x-100-2.jpg","portfolio":"https:\/\/forms.ibb.gov.tr\/genclikhizmetleri\/wp-content\/uploads\/sites\/62\/2025\/12\/DGS-ALES-POST_2x-100-2.jpg","portfolio_small":"https:\/\/forms.ibb.gov.tr\/genclikhizmetleri\/wp-content\/uploads\/sites\/62\/2025\/12\/DGS-ALES-POST_2x-100-2.jpg","gallery":"https:\/\/forms.ibb.gov.tr\/genclikhizmetleri\/wp-content\/uploads\/sites\/62\/2025\/12\/DGS-ALES-POST_2x-100-2.jpg","magazine":"https:\/\/forms.ibb.gov.tr\/genclikhizmetleri\/wp-content\/uploads\/sites\/62\/2025\/12\/DGS-ALES-POST_2x-100-2.jpg","masonry":"https:\/\/forms.ibb.gov.tr\/genclikhizmetleri\/wp-content\/uploads\/sites\/62\/2025\/12\/DGS-ALES-POST_2x-100-2.jpg","entry_with_sidebar":"https:\/\/forms.ibb.gov.tr\/genclikhizmetleri\/wp-content\/uploads\/sites\/62\/2025\/12\/DGS-ALES-POST_2x-100-2.jpg","entry_without_sidebar":"https:\/\/forms.ibb.gov.tr\/genclikhizmetleri\/wp-content\/uploads\/sites\/62\/2025\/12\/DGS-ALES-POST_2x-100-2.jpg"}},"parent":0,"menu_order":0,"comment_status":"closed","ping_status":"closed","template":"template-blank.php","meta":{"footnotes":""},"categories":[],"tags":[],"class_list":["post-42824","page","type-page","status-publish","format-standard","has-post-thumbnail","hentry"],"_links":{"self":[{"href":"https:\/\/forms.ibb.gov.tr\/genclikhizmetleri\/wp-json\/wp\/v2\/pages\/42824","targetHints":{"allow":["GET"]}}],"collection":[{"href":"https:\/\/forms.ibb.gov.tr\/genclikhizmetleri\/wp-json\/wp\/v2\/pages"}],"about":[{"href":"https:\/\/forms.ibb.gov.tr\/genclikhizmetleri\/wp-json\/wp\/v2\/types\/page"}],"author":[{"embeddable":true,"href":"https:\/\/forms.ibb.gov.tr\/genclikhizmetleri\/wp-json\/wp\/v2\/users\/71845"}],"replies":[{"embeddable":true,"href":"https:\/\/forms.ibb.gov.tr\/genclikhizmetleri\/wp-json\/wp\/v2\/comments?post=42824"}],"version-history":[{"count":13,"href":"https:\/\/forms.ibb.gov.tr\/genclikhizmetleri\/wp-json\/wp\/v2\/pages\/42824\/revisions"}],"predecessor-version":[{"id":46678,"href":"https:\/\/forms.ibb.gov.tr\/genclikhizmetleri\/wp-json\/wp\/v2\/pages\/42824\/revisions\/46678"}],"wp:featuredmedia":[{"embeddable":true,"href":"https:\/\/forms.ibb.gov.tr\/genclikhizmetleri\/wp-json\/wp\/v2\/media\/43022"}],"wp:attachment":[{"href":"https:\/\/forms.ibb.gov.tr\/genclikhizmetleri\/wp-json\/wp\/v2\/media?parent=42824"}],"wp:term":[{"taxonomy":"category","embeddable":true,"href":"https:\/\/forms.ibb.gov.tr\/genclikhizmetleri\/wp-json\/wp\/v2\/categories?post=42824"},{"taxonomy":"post_tag","embeddable":true,"href":"https:\/\/forms.ibb.gov.tr\/genclikhizmetleri\/wp-json\/wp\/v2\/tags?post=42824"}],"curies":[{"name":"wp","href":"https:\/\/api.w.org\/{rel}","templated":true}]}}