{"id":47780,"date":"2026-04-21T12:10:34","date_gmt":"2026-04-21T09:10:34","guid":{"rendered":"https:\/\/forms.ibb.gov.tr\/genclikhizmetleri\/?page_id=47780"},"modified":"2026-04-21T14:06:24","modified_gmt":"2026-04-21T11:06:24","slug":"frc-istanbul-off-season-hakem-gonullu-juri","status":"publish","type":"page","link":"https:\/\/forms.ibb.gov.tr\/genclikhizmetleri\/frc-istanbul-off-season-hakem-gonullu-juri\/","title":{"rendered":"First Robotics Competition \u0130stanbul Off Season Hakem \/ G\u00f6n\u00fcll\u00fc \/ J\u00fcri Ba\u015fvuru Formu"},"content":{"rendered":"<div  class='flex_column av-1ooihbi-01615409c2f422f463fb2d6dc347c6cd av_one_fifth  avia-builder-el-0  el_before_av_three_fifth  avia-builder-el-first  first flex_column_div  '     ><\/div>\n<div  class='flex_column av-z7mxpq-703c3e3fb085e81a5d49187988f4f330 av_three_fifth  avia-builder-el-1  el_after_av_one_fifth  el_before_av_one_fifth  flex_column_div  '     ><style type=\"text\/css\" data-created_by=\"avia_inline_auto\" id=\"style-css-av-mk811ixk-8708093581b1cff7c18a059784873e0e\">\n.avia-image-container.av-mk811ixk-8708093581b1cff7c18a059784873e0e img.avia_image{\nbox-shadow:none;\n}\n.avia-image-container.av-mk811ixk-8708093581b1cff7c18a059784873e0e .av-image-caption-overlay-center{\ncolor:#ffffff;\n}\n<\/style>\n<div  class='avia-image-container av-mk811ixk-8708093581b1cff7c18a059784873e0e av-styling- avia-align-center  avia-builder-el-2  avia-builder-el-no-sibling '   itemprop=\"image\" itemscope=\"itemscope\" itemtype=\"https:\/\/schema.org\/ImageObject\" ><div class=\"avia-image-container-inner\"><div class=\"avia-image-overlay-wrap\"><img decoding=\"async\" fetchpriority=\"high\" class='wp-image-1246 avia-img-lazy-loading-not-1246 avia_image ' src=\"https:\/\/forms.ibb.gov.tr\/genclikhizmetleri\/wp-content\/uploads\/sites\/62\/2025\/06\/Teknoloji-Atolyeleri.png\" alt='' title='Teknoloji At\u00f6lyeleri'  height=\"109\" width=\"495\"  itemprop=\"thumbnailUrl\"  \/><\/div><\/div><\/div><\/div>\n<div  class='flex_column av-qo4jri-79cb7adffbc45f6327ddc66c51afe4f3 av_one_fifth  avia-builder-el-3  el_after_av_three_fifth  el_before_av_two_fifth  flex_column_div  '     ><\/div>\n<div  class='flex_column av-2ecvl0-52963590b32d8c6e2cb29aec658f52bd av_two_fifth  avia-builder-el-4  el_after_av_one_fifth  el_before_av_three_fifth  first flex_column_div  column-top-margin'     ><style type=\"text\/css\" data-created_by=\"avia_inline_auto\" id=\"style-css-av-mo8invx2-8fe0f39c27106dcf37985045e8c97f5b\">\n.avia-image-container.av-mo8invx2-8fe0f39c27106dcf37985045e8c97f5b img.avia_image{\nbox-shadow:none;\n}\n.avia-image-container.av-mo8invx2-8fe0f39c27106dcf37985045e8c97f5b .av-image-caption-overlay-center{\ncolor:#ffffff;\n}\n<\/style>\n<div  class='avia-image-container av-mo8invx2-8fe0f39c27106dcf37985045e8c97f5b av-styling- avia-align-center  avia-builder-el-5  avia-builder-el-no-sibling '   itemprop=\"image\" itemscope=\"itemscope\" itemtype=\"https:\/\/schema.org\/ImageObject\" ><div class=\"avia-image-container-inner\"><div class=\"avia-image-overlay-wrap\"><img decoding=\"async\" fetchpriority=\"high\" class='wp-image-47768 avia-img-lazy-loading-not-47768 avia_image ' src=\"https:\/\/forms.ibb.gov.tr\/genclikhizmetleri\/wp-content\/uploads\/sites\/62\/2026\/04\/FRC-IST-OFF-SEASON.jpg\" alt='' title='FRC-IST-OFF-SEASON'  height=\"705\" width=\"564\"  itemprop=\"thumbnailUrl\"  \/><\/div><\/div><\/div><\/div>\n<div  class='flex_column av-1cq8ifi-595bce3cac8dc2ed49d26646db12799b av_three_fifth  avia-builder-el-6  el_after_av_two_fifth  el_before_av_hr  flex_column_div  column-top-margin'     ><section  class='av_textblock_section av-mgq859l7-c0f4b5273ba98487c45b83a68fb5b4f7 '   itemscope=\"itemscope\" itemtype=\"https:\/\/schema.org\/CreativeWork\" ><div class='avia_textblock'  itemprop=\"text\" ><h4 style=\"text-align: center\"><span style=\"color: #003366\">19 MAYIS ATAT\u00dcRK&#8217;\u00dc ANMA GEN\u00c7L\u0130K VE SPOR BAYRAMI ETK\u0130NL\u0130KLER\u0130 HAFTASI KAPSAMINDA;<\/span><\/h4>\n<h4 style=\"text-align: center\"><span style=\"color: #003366\">FIRST ROBOTICS COMPET\u0130T\u0130ON (FRC) HEYECANI \u0130BB ORGAN\u0130ZASYONUYLA \u0130STANBUL\u2019DA \ud83d\ude80<\/span><\/h4>\n<p><span style=\"color: #003366\">1989 y\u0131l\u0131ndan bu yana d\u00fczenlenen FIRST Robotics Competition (FRC), gen\u00e7lerin bilim ve teknolojiye olan ilgisini art\u0131rmay\u0131 hedefleyen d\u00fcnyan\u0131n en prestijli robotik yar\u0131\u015fmalar\u0131ndan biridir. Yaz\u0131l\u0131m, mekanik ve m\u00fchendislik becerilerinin yan\u0131 s\u0131ra tak\u0131m \u00e7al\u0131\u015fmas\u0131, sunum yetkinli\u011fi ve \u00f6zg\u00fcven kazand\u0131ran FRC, gen\u00e7lere kendilerini ke\u015ffedebilecekleri e\u015fsiz bir deneyim sunuyor.<\/span><\/p>\n<p><span style=\"color: #003366\">\u0130stanbul B\u00fcy\u00fck\u015fehir Belediyesi taraf\u0131ndan d\u00fczenlenen <strong>\u00f6d\u00fcll\u00fc ve \u00fccretsiz \u0130stanbul Off-Season Turnuvas\u0131<\/strong>, 15-17 May\u0131s tarihleri aras\u0131nda \u0130BB Hidayet T\u00fcrko\u011flu Spor Kompleksi\u2019nde ger\u00e7ekle\u015ftirilecektir.<\/span><\/p>\n<p><span style=\"color: #003366\">\u26a1 Kontenjanlarla s\u0131n\u0131rl\u0131 bu heyecana sen de kat\u0131l!<\/span><\/p>\n<p><span style=\"color: #003366\">\ud83c\udf81 <strong>Yar\u0131\u015fma \u00d6d\u00fclleri:<\/strong><\/span><br \/>\n<span style=\"color: #003366\">\u2022 \u015eampiyon ittifak kaptan tak\u0131m\u0131na <strong>laptop<\/strong><\/span><br \/>\n<span style=\"color: #003366\">\u2022 \u015eampiyon ittifaka se\u00e7ilen ikinci ve \u00fc\u00e7\u00fcnc\u00fc tak\u0131mlara <strong>tablet<\/strong><\/span><\/p>\n<p><span style=\"color: #003366\">Teknolojiye ilgi duyuyor, \u00fcretmeyi ve yar\u0131\u015fmay\u0131 seviyorsan bu f\u0131rsat\u0131 ka\u00e7\u0131rma!<\/span><\/p>\n<div align=\"justify\"><\/div>\n<\/div><\/section><\/div>\n<style type=\"text\/css\" data-created_by=\"avia_inline_auto\" id=\"style-css-av-mk7y9xys-5a8d1468f81031bf29c85ac366293aff\">\n#top .hr.hr-invisible.av-mk7y9xys-5a8d1468f81031bf29c85ac366293aff{\nheight:60px;\n}\n<\/style>\n<div  class='hr av-mk7y9xys-5a8d1468f81031bf29c85ac366293aff hr-invisible  avia-builder-el-8  el_after_av_three_fifth  el_before_av_codeblock '><span class='hr-inner '><span class=\"hr-inner-style\"><\/span><\/span><\/div><\/p>\n\n","protected":false},"excerpt":{"rendered":"","protected":false},"author":71845,"featured_media":{"id":47768,"url":"https:\/\/forms.ibb.gov.tr\/genclikhizmetleri\/wp-content\/uploads\/sites\/62\/2026\/04\/FRC-IST-OFF-SEASON.jpg","sizes":{"thumbnail":"https:\/\/forms.ibb.gov.tr\/genclikhizmetleri\/wp-content\/uploads\/sites\/62\/2026\/04\/FRC-IST-OFF-SEASON.jpg","medium":"https:\/\/forms.ibb.gov.tr\/genclikhizmetleri\/wp-content\/uploads\/sites\/62\/2026\/04\/FRC-IST-OFF-SEASON.jpg","medium_large":"https:\/\/forms.ibb.gov.tr\/genclikhizmetleri\/wp-content\/uploads\/sites\/62\/2026\/04\/FRC-IST-OFF-SEASON.jpg","large":"https:\/\/forms.ibb.gov.tr\/genclikhizmetleri\/wp-content\/uploads\/sites\/62\/2026\/04\/FRC-IST-OFF-SEASON.jpg","1536x1536":"https:\/\/forms.ibb.gov.tr\/genclikhizmetleri\/wp-content\/uploads\/sites\/62\/2026\/04\/FRC-IST-OFF-SEASON.jpg","2048x2048":"https:\/\/forms.ibb.gov.tr\/genclikhizmetleri\/wp-content\/uploads\/sites\/62\/2026\/04\/FRC-IST-OFF-SEASON.jpg","widget":"https:\/\/forms.ibb.gov.tr\/genclikhizmetleri\/wp-content\/uploads\/sites\/62\/2026\/04\/FRC-IST-OFF-SEASON.jpg","square":"https:\/\/forms.ibb.gov.tr\/genclikhizmetleri\/wp-content\/uploads\/sites\/62\/2026\/04\/FRC-IST-OFF-SEASON.jpg","featured":"https:\/\/forms.ibb.gov.tr\/genclikhizmetleri\/wp-content\/uploads\/sites\/62\/2026\/04\/FRC-IST-OFF-SEASON.jpg","featured_large":"https:\/\/forms.ibb.gov.tr\/genclikhizmetleri\/wp-content\/uploads\/sites\/62\/2026\/04\/FRC-IST-OFF-SEASON.jpg","extra_large":"https:\/\/forms.ibb.gov.tr\/genclikhizmetleri\/wp-content\/uploads\/sites\/62\/2026\/04\/FRC-IST-OFF-SEASON.jpg","portfolio":"https:\/\/forms.ibb.gov.tr\/genclikhizmetleri\/wp-content\/uploads\/sites\/62\/2026\/04\/FRC-IST-OFF-SEASON.jpg","portfolio_small":"https:\/\/forms.ibb.gov.tr\/genclikhizmetleri\/wp-content\/uploads\/sites\/62\/2026\/04\/FRC-IST-OFF-SEASON.jpg","gallery":"https:\/\/forms.ibb.gov.tr\/genclikhizmetleri\/wp-content\/uploads\/sites\/62\/2026\/04\/FRC-IST-OFF-SEASON.jpg","magazine":"https:\/\/forms.ibb.gov.tr\/genclikhizmetleri\/wp-content\/uploads\/sites\/62\/2026\/04\/FRC-IST-OFF-SEASON.jpg","masonry":"https:\/\/forms.ibb.gov.tr\/genclikhizmetleri\/wp-content\/uploads\/sites\/62\/2026\/04\/FRC-IST-OFF-SEASON.jpg","entry_with_sidebar":"https:\/\/forms.ibb.gov.tr\/genclikhizmetleri\/wp-content\/uploads\/sites\/62\/2026\/04\/FRC-IST-OFF-SEASON.jpg","entry_without_sidebar":"https:\/\/forms.ibb.gov.tr\/genclikhizmetleri\/wp-content\/uploads\/sites\/62\/2026\/04\/FRC-IST-OFF-SEASON.jpg"}},"parent":0,"menu_order":0,"comment_status":"closed","ping_status":"closed","template":"","meta":{"footnotes":""},"categories":[],"tags":[],"class_list":["post-47780","page","type-page","status-publish","format-standard","has-post-thumbnail","hentry"],"_links":{"self":[{"href":"https:\/\/forms.ibb.gov.tr\/genclikhizmetleri\/wp-json\/wp\/v2\/pages\/47780","targetHints":{"allow":["GET"]}}],"collection":[{"href":"https:\/\/forms.ibb.gov.tr\/genclikhizmetleri\/wp-json\/wp\/v2\/pages"}],"about":[{"href":"https:\/\/forms.ibb.gov.tr\/genclikhizmetleri\/wp-json\/wp\/v2\/types\/page"}],"author":[{"embeddable":true,"href":"https:\/\/forms.ibb.gov.tr\/genclikhizmetleri\/wp-json\/wp\/v2\/users\/71845"}],"replies":[{"embeddable":true,"href":"https:\/\/forms.ibb.gov.tr\/genclikhizmetleri\/wp-json\/wp\/v2\/comments?post=47780"}],"version-history":[{"count":4,"href":"https:\/\/forms.ibb.gov.tr\/genclikhizmetleri\/wp-json\/wp\/v2\/pages\/47780\/revisions"}],"predecessor-version":[{"id":47796,"href":"https:\/\/forms.ibb.gov.tr\/genclikhizmetleri\/wp-json\/wp\/v2\/pages\/47780\/revisions\/47796"}],"wp:featuredmedia":[{"embeddable":true,"href":"https:\/\/forms.ibb.gov.tr\/genclikhizmetleri\/wp-json\/wp\/v2\/media\/47768"}],"wp:attachment":[{"href":"https:\/\/forms.ibb.gov.tr\/genclikhizmetleri\/wp-json\/wp\/v2\/media?parent=47780"}],"wp:term":[{"taxonomy":"category","embeddable":true,"href":"https:\/\/forms.ibb.gov.tr\/genclikhizmetleri\/wp-json\/wp\/v2\/categories?post=47780"},{"taxonomy":"post_tag","embeddable":true,"href":"https:\/\/forms.ibb.gov.tr\/genclikhizmetleri\/wp-json\/wp\/v2\/tags?post=47780"}],"curies":[{"name":"wp","href":"https:\/\/api.w.org\/{rel}","templated":true}]}}