{"id":10919,"date":"2021-11-23T15:09:33","date_gmt":"2021-11-23T12:09:33","guid":{"rendered":"https:\/\/forms.ibb.gov.tr\/kultur\/?page_id=10919"},"modified":"2023-05-25T10:51:10","modified_gmt":"2023-05-25T07:51:10","slug":"konser-basvuru-formu","status":"publish","type":"page","link":"https:\/\/forms.ibb.gov.tr\/kultur\/konser-basvuru-formu\/","title":{"rendered":"Konser Ba\u015fvuru Formu"},"content":{"rendered":"\n<style type=\"text\/css\" data-created_by=\"avia_inline_auto\" id=\"style-css-av-59ty6jr-57a139af999602b51e0087b18c63fc06\">\n.avia-section.av-59ty6jr-57a139af999602b51e0087b18c63fc06{\nbackground-color:#92b3dd;\nbackground:linear-gradient( to bottom right, #92b3dd, #f8f8f8 );\n}\n.avia-section.av-59ty6jr-57a139af999602b51e0087b18c63fc06 .av-extra-border-element .av-extra-border-inner{\nbackground-color:#f8f8f8;\n}\n<\/style>\n<div id='av_section_1'  class='avia-section av-59ty6jr-57a139af999602b51e0087b18c63fc06 main_color avia-section-large avia-no-border-styling  avia-builder-el-0  el_before_av_one_full  avia-builder-el-first  avia-bg-style-scroll av-arrow-down-section container_wrap fullsize'  ><div class='container av-section-cont-open' ><main  role=\"main\" itemprop=\"mainContentOfPage\"  class='template-page content  av-content-full alpha units'><div class='post-entry post-entry-type-page post-entry-10919'><div class='entry-content-wrapper clearfix'>\n<div class='flex_column_table av-4vma99j-acd7648714a054000b8ba00de8d4c93f sc-av_three_fifth av-equal-height-column-flextable'>\n<style type=\"text\/css\" data-created_by=\"avia_inline_auto\" id=\"style-css-av-4vma99j-acd7648714a054000b8ba00de8d4c93f\">\n.flex_column.av-4vma99j-acd7648714a054000b8ba00de8d4c93f{\nborder-radius:0px 0px 0px 0px;\npadding:0px 0px 0px 0px;\n}\n<\/style>\n<div  class='flex_column av-4vma99j-acd7648714a054000b8ba00de8d4c93f av_three_fifth  avia-builder-el-1  el_before_av_two_fifth  avia-builder-el-first  first no_margin flex_column_table_cell av-equal-height-column av-align-middle av-zero-column-padding  '     ><style type=\"text\/css\" data-created_by=\"avia_inline_auto\" id=\"style-css-av-4i74zuv-de32f67914341a632b64871468b851c5\">\n#top .av-special-heading.av-4i74zuv-de32f67914341a632b64871468b851c5{\npadding-bottom:10px;\n}\nbody .av-special-heading.av-4i74zuv-de32f67914341a632b64871468b851c5 .av-special-heading-tag .heading-char{\nfont-size:25px;\n}\n.av-special-heading.av-4i74zuv-de32f67914341a632b64871468b851c5 .av-subheading{\nfont-size:15px;\n}\n<\/style>\n<div  class='av-special-heading av-4i74zuv-de32f67914341a632b64871468b851c5 av-special-heading-h1 blockquote modern-quote  avia-builder-el-2  avia-builder-el-no-sibling '><h1 class='av-special-heading-tag '  itemprop=\"headline\"  >Konser Ba\u015fvuru Formu<\/h1><div class=\"special-heading-border\"><div class=\"special-heading-inner-border\"><\/div><\/div><\/div><\/div>\n<style type=\"text\/css\" data-created_by=\"avia_inline_auto\" id=\"style-css-av-3sx1sjr-002ceb1bdd2dc82268d0ca3b65cf6f43\">\n.flex_column.av-3sx1sjr-002ceb1bdd2dc82268d0ca3b65cf6f43{\nborder-radius:0px 0px 0px 0px;\npadding:0px 0px 0px 0px;\n}\n<\/style>\n<div  class='flex_column av-3sx1sjr-002ceb1bdd2dc82268d0ca3b65cf6f43 av_two_fifth  avia-builder-el-3  el_after_av_three_fifth  avia-builder-el-last  no_margin flex_column_table_cell av-equal-height-column av-align-middle av-zero-column-padding  '     ><style type=\"text\/css\" data-created_by=\"avia_inline_auto\" id=\"style-css-av-3m4429z-6e5bbe95ba814749f0269e908f1dfa85\">\n#top .av-special-heading.av-3m4429z-6e5bbe95ba814749f0269e908f1dfa85{\npadding-bottom:10px;\n}\nbody .av-special-heading.av-3m4429z-6e5bbe95ba814749f0269e908f1dfa85 .av-special-heading-tag .heading-char{\nfont-size:25px;\n}\n.av-special-heading.av-3m4429z-6e5bbe95ba814749f0269e908f1dfa85 .av-subheading{\nfont-size:15px;\n}\n<\/style>\n<div  class='av-special-heading av-3m4429z-6e5bbe95ba814749f0269e908f1dfa85 av-special-heading-h3 blockquote modern-quote modern-right  avia-builder-el-4  avia-builder-el-no-sibling  av-thin-font'><h3 class='av-special-heading-tag '  itemprop=\"headline\"  ><strong>\u0130stanbul B\u00fcy\u00fck\u015fehir Belediyesi<\/strong><\/h3><div class='av-subheading av-subheading_below'><p>K\u00fclt\u00fcr Daire Ba\u015fkanl\u0131\u011f\u0131, K\u00fclt\u00fcrel Etkinlikler M\u00fcd\u00fcrl\u00fc\u011f\u00fc<\/p>\n<\/div><div class=\"special-heading-border\"><div class=\"special-heading-inner-border\"><\/div><\/div><\/div><\/div><\/div><!--close column table wrapper. Autoclose: 1 -->\n<\/div><\/div><\/main><!-- close content main element --><\/div><div class='av-extra-border-element border-extra-arrow-down'><div class='av-extra-border-outer'><div class='av-extra-border-inner'><\/div><\/div><\/div><\/div><div id='after_section_1'  class='main_color av_default_container_wrap container_wrap fullsize'  ><div class='container av-section-cont-open' ><div class='template-page content  av-content-full alpha units'><div class='post-entry post-entry-type-page post-entry-10919'><div class='entry-content-wrapper clearfix'>\n<div class='flex_column_table av-30wyn2f-146e09c478ef0c5d51c97407aa0c6487 sc-av_one_full av-equal-height-column-flextable'>\n<style type=\"text\/css\" data-created_by=\"avia_inline_auto\" id=\"style-css-av-30wyn2f-146e09c478ef0c5d51c97407aa0c6487\">\n.flex_column.av-30wyn2f-146e09c478ef0c5d51c97407aa0c6487{\nborder-radius:0px 0px 0px 0px;\npadding:0px 0px 0px 0px;\n}\n<\/style>\n<div  class='flex_column av-30wyn2f-146e09c478ef0c5d51c97407aa0c6487 av_one_full  avia-builder-el-5  el_after_av_section  el_before_av_three_fifth  avia-builder-el-first  first no_margin flex_column_table_cell av-equal-height-column av-align-middle av-zero-column-padding  '     ><section  class='av_textblock_section av-2ilixfr-4772b01b0beea432fc9f058e9e1964a5 '   itemscope=\"itemscope\" itemtype=\"https:\/\/schema.org\/CreativeWork\" ><div class='avia_textblock'  itemprop=\"text\" ><h3><\/h3>\n<p><strong><u>\u00d6nemli : Ba\u015fvuru yapan sanat\u00e7\u0131lar\u0131n ve ekiplerindeki \u00fcyelerin, \u0130stanbul B\u00fcy\u00fck\u015fehir Belediyesi personeli olmamas\u0131 \u015fart\u0131 aranacakt\u0131r.\u00a0<\/u><\/strong><\/p>\n<p>A\u015fa\u011f\u0131daki online formu doldurarak ba\u015fvurunuzu yapabilirsiniz. Formun g\u00f6nderilmesinin ard\u0131ndan taraf\u0131n\u0131za \u201cba\u015fvurunuzun ula\u015ft\u0131\u011f\u0131na dair teyit e-postas\u0131\u201d g\u00f6nderilecektir. E-posta adresinize bu teyit mesaj\u0131n\u0131n ula\u015fmamas\u0131 durumunda \u00f6ncelikle \u201c\u00f6nemsiz e-postalar\u201d kutusunu kontrol etmenizi, mesaj\u0131 burada da bulamazsan\u0131z\u00a0<a href=\"https:\/\/mail.ibb.gov.tr\/owa\/redir.aspx?C=roClWaIdN7QYip00vcY3SJajW_Qr-0WzbaxxvSyCQyC9QMR5uxbYCA..&amp;URL=mailto%2525252525253akultursanat%25252525252540ibb.gov.tr\">kultursanat@ibb.gov.tr<\/a>\u00a0adresinden bize ula\u015fman\u0131z\u0131 rica ederiz.<\/p>\n<p><strong>S\u00f6z konusu konserlerin;<\/strong><\/p>\n<p>Daire Ba\u015fkanl\u0131\u011f\u0131 b\u00fcnyesinde g\u00f6rev yapan Etkinlik Koordinat\u00f6r\u00fc, Etkinlik alanlar\u0131ndan sorumlu birim amiri, dekor-ses-\u0131\u015f\u0131k gibi teknik hususlar a\u00e7\u0131s\u0131ndan incelenerek de\u011ferlendirilmesi, ilgili etkinli\u011fin i\u00e7eri\u011finin uygunlu\u011fu, ba\u015fvuru yap\u0131lan etkinli\u011fin daha \u00f6nce sahnelenip sahnelenmedi\u011fi, sahnelendiyse izleyici de\u011ferlendirmelerine ili\u015fkin etkinli\u011fin \u00f6ncesi ve sonras\u0131 t\u00fcm istatistik\u00ee bilgilerin incelenip raporlanmas\u0131, telif haklar\u0131, sahnelenecek mekan\u0131n uygunlu\u011fu, tarihi, d\u00f6nemsel \u00f6zelli\u011fi ve T.C. Yasalar\u0131 a\u00e7\u0131s\u0131ndan herhangi bir olumsuzlu\u011fun bulunup bulunmamas\u0131 gibi de\u011ferlendirmelere tabii tutulmaktad\u0131r.<\/p>\n<p>Di\u011fer taraftan; s\u00f6z konusu kriterlere uygunlu\u011fu bulunmakla beraber, ba\u015fvurular\u0131n yo\u011funlu\u011fu dikkate al\u0131narak yeni ba\u015fvurulara imkan tan\u0131nmas\u0131na ve yeni konser ba\u015fvurular\u0131n\u0131n desteklenmesine \u00f6nem verilmektedir.<\/p>\n<p><strong>Bilgilerinize sayg\u0131yla sunar\u0131z.<\/strong><\/p>\n<\/div><\/section><\/div><\/div><!--close column table wrapper. Autoclose: 1 -->\n\n<style type=\"text\/css\" data-created_by=\"avia_inline_auto\" id=\"style-css-av-25bk4zr-8401df2b4be95c0a1614c75c9eeaa269\">\n.flex_column.av-25bk4zr-8401df2b4be95c0a1614c75c9eeaa269{\nborder-radius:0px 0px 0px 0px;\npadding:0px 0px 0px 0px;\n}\n<\/style>\n<div  class='flex_column av-25bk4zr-8401df2b4be95c0a1614c75c9eeaa269 av_three_fifth  avia-builder-el-7  el_after_av_one_full  el_before_av_two_fifth  first flex_column_div av-zero-column-padding  column-top-margin'     ><\/div>\n\n<style type=\"text\/css\" data-created_by=\"avia_inline_auto\" id=\"style-css-av-1oax3if-01f3c000310a957bf159143f9b5cf0c2\">\n.flex_column.av-1oax3if-01f3c000310a957bf159143f9b5cf0c2{\nborder-radius:0px 0px 0px 0px;\npadding:0px 0px 0px 0px;\n}\n<\/style>\n<div  class='flex_column av-1oax3if-01f3c000310a957bf159143f9b5cf0c2 av_two_fifth  avia-builder-el-9  el_after_av_three_fifth  el_before_av_section  avia-builder-el-last  flex_column_div av-zero-column-padding  column-top-margin'     ><section  class='av_textblock_section av-zku24n-6e342389b6c9243f2ff566b40f321c76 '   itemscope=\"itemscope\" itemtype=\"https:\/\/schema.org\/CreativeWork\" ><div class='avia_textblock'  itemprop=\"text\" ><p><strong>Etkinli\u011fin ba\u015fvurusunun kabul edilmesi halinde;<\/strong><\/p>\n<ul>\n<li>Sanat\u00e7\u0131 y\u00fcksek \u00e7\u00f6z\u00fcn\u00fcrl\u00fckl\u00fc foto\u011fraflar\u0131n\u0131 g\u00f6ndermekle y\u00fck\u00fcml\u00fcd\u00fcr.<\/li>\n<li>Foto\u011fraflar, profesyonel ortamda \u00e7ekilmi\u015f olup, 50 x 70 \u00f6l\u00e7\u00fclerinde, 300 DPI \u00e7\u00f6z\u00fcn\u00fcrl\u00fc\u011f\u00fcnde olmal\u0131d\u0131r. (Herhangi bir sat\u0131\u015f kanal\u0131n\u0131n logosu olmamal\u0131d\u0131r). Bu \u00f6l\u00e7\u00fclerden d\u00fc\u015f\u00fck boyutlar kabul edilmeyecektir.<\/li>\n<li>Forma, sanat\u00e7\u0131ya ait en az ait 1 adet, full HD g\u00f6r\u00fcnt\u00fc kalitesi ve temiz ses kayd\u0131 ile video i\u00e7erikleri eklenmelidir.<\/li>\n<li>Sanat\u00e7\u0131, t\u00fcm sosyal medya hesaplar\u0131 ve di\u011fer tan\u0131t\u0131m kanallar\u0131 arac\u0131l\u0131\u011f\u0131yla duyuru yap\u0131p, kitlesini davet etmelidir.<\/li>\n<\/ul>\n<h3><\/h3>\n<table width=\"618\">\n<tbody>\n<tr>\n<td width=\"618\"><strong>D\u0130KKAT!<\/strong><\/p>\n<p>Ba\u015fvuru formu, istenilen g\u00f6rsel ve bas\u0131l\u0131 materyaller tam olarak teslim edilmedi\u011fi taktirde ba\u015fvuru s\u00fcreci ba\u015flat\u0131lmayacakt\u0131r.<\/p>\n<p>\u0130BB K\u00fclt\u00fcr Dairesi Ba\u015fkanl\u0131\u011f\u0131, her konser ba\u015fvurusunu kabul eder diye bir taahh\u00fctte bulunmaz. Ba\u015fvurular raporlan\u0131r ve\u00a0 de\u011ferlendirme i\u00e7in \u0130BB\u00a0 onay\u0131na sunulur. De\u011ferlendirme sonucu olumlu ya da olumsuz olabilir.<\/p>\n<p>Sat\u0131n al\u0131nan etkinlik, \u0130BB K\u00fclt\u00fcrel Dairesi Ba\u015fkanl\u0131\u011f\u0131\u2019n\u0131n belirledi\u011fi salonlarda veya dijital platformlarda sahnelenir.<\/p>\n<p>\u0130BB K\u00fclt\u00fcr Dairesi Ba\u015fkanl\u0131\u011f\u0131 onaylad\u0131\u011f\u0131 konserlere, etkinlik takvimi boyunca kendi belirledi\u011fi s\u00fcre ve say\u0131ca yer verir.<\/p>\n<p>Ki\u015fisel Verilerin Korunmas\u0131 ve \u0130\u015flenmesi Kanunu\u2019na istinaden vermi\u015f oldu\u011funuz ki\u015fisel bilgiler sakl\u0131 tutulacakt\u0131r.<\/td>\n<\/tr>\n<\/tbody>\n<\/table>\n<\/div><\/section><\/div><\/div><\/div><\/div><!-- close content main div --><\/div><\/div>\n<style type=\"text\/css\" data-created_by=\"avia_inline_auto\" id=\"style-css-av-kgd5ev-9853823b0a502e70466e4b751e1f41f9\">\n.avia-section.av-kgd5ev-9853823b0a502e70466e4b751e1f41f9{\nbackground-color:#92b3dd;\nbackground:linear-gradient( to bottom right, #92b3dd, #f8f8f8 );\n}\n.avia-section.av-kgd5ev-9853823b0a502e70466e4b751e1f41f9 .av-extra-border-element .av-extra-border-inner{\nbackground-color:#f8f8f8;\n}\n<\/style>\n<div id='av_section_2'  class='avia-section av-kgd5ev-9853823b0a502e70466e4b751e1f41f9 main_color avia-section-no-padding avia-no-border-styling  avia-builder-el-11  el_after_av_two_fifth  avia-builder-el-last  avia-bg-style-scroll av-arrow-down-section container_wrap fullsize'  ><div class='container av-section-cont-open' ><div class='template-page content  av-content-full alpha units'><div class='post-entry post-entry-type-page post-entry-10919'><div class='entry-content-wrapper clearfix'><\/p>\n","protected":false},"excerpt":{"rendered":"","protected":false},"author":18,"featured_media":0,"parent":0,"menu_order":0,"comment_status":"closed","ping_status":"closed","template":"","meta":{"footnotes":""},"categories":[],"tags":[],"class_list":["post-10919","page","type-page","status-publish","format-standard","hentry"],"_links":{"self":[{"href":"https:\/\/forms.ibb.gov.tr\/kultur\/wp-json\/wp\/v2\/pages\/10919","targetHints":{"allow":["GET"]}}],"collection":[{"href":"https:\/\/forms.ibb.gov.tr\/kultur\/wp-json\/wp\/v2\/pages"}],"about":[{"href":"https:\/\/forms.ibb.gov.tr\/kultur\/wp-json\/wp\/v2\/types\/page"}],"author":[{"embeddable":true,"href":"https:\/\/forms.ibb.gov.tr\/kultur\/wp-json\/wp\/v2\/users\/18"}],"replies":[{"embeddable":true,"href":"https:\/\/forms.ibb.gov.tr\/kultur\/wp-json\/wp\/v2\/comments?post=10919"}],"version-history":[{"count":12,"href":"https:\/\/forms.ibb.gov.tr\/kultur\/wp-json\/wp\/v2\/pages\/10919\/revisions"}],"predecessor-version":[{"id":56123,"href":"https:\/\/forms.ibb.gov.tr\/kultur\/wp-json\/wp\/v2\/pages\/10919\/revisions\/56123"}],"wp:attachment":[{"href":"https:\/\/forms.ibb.gov.tr\/kultur\/wp-json\/wp\/v2\/media?parent=10919"}],"wp:term":[{"taxonomy":"category","embeddable":true,"href":"https:\/\/forms.ibb.gov.tr\/kultur\/wp-json\/wp\/v2\/categories?post=10919"},{"taxonomy":"post_tag","embeddable":true,"href":"https:\/\/forms.ibb.gov.tr\/kultur\/wp-json\/wp\/v2\/tags?post=10919"}],"curies":[{"name":"wp","href":"https:\/\/api.w.org\/{rel}","templated":true}]}}